ive p(w).
-43
Let b(r) = r**3 + 60*r**2 - 123*r + 59. Let y be b(-62). Let i(t) = -6*t**2 + 5*t + 2. Give i(y).
-67
Let l be (0 - (0 + 2)) + -4 + 30. Let h = 26 - l. Let s(j) = -1 - h - 8*j + 3 + 1. Determine s(-3).
25
Let x be 2/((-6)/(-15)) - -2. Let k(l) = 10*l**3 + 28*l**2 - 25*l + 7. Let d(n) = -3*n**3 - 9*n**2 + 8*n - 2. Let y(t) = x*d(t) + 2*k(t). Determine y(-8).
16
Let b = 51 - -11. Let v(y) = b - 30 - 34 - 4*y. Suppose 4*u + 5*s = 8, 6*u - u + s = -11. Give v(u).
10
Let i be 16/(-72) + (-29)/(-9). Suppose 5*c - 9 = -i*o, -c + 12 = 3*c + 4*o. Suppose 0 = -6*l - c*l - 18. Let b(x) = 5*x + 4. Calculate b(l).
-11
Let m(g) = -6 - 1 + 3 + g**3 - 7*g**2 - 3 + 9*g. Suppose -28 = -11*l + 7*l - v, l + 2 = 2*v. Determine m(l).
11
Let g(n) = -2*n + 9. Let j(m) = -m + 6. Let l(a) = 5*g(a) - 7*j(a). Suppose -1085 = -26*o - 955. What is l(o)?
-12
Let r(u) = 2*u**2 - 17*u + 1. Let l(s) = 8*s**2 - 108*s - 1. Let f(w) = l(w) - 6*r(w). Give f(-2).
-11
Let j(y) be the second derivative of -y**4/12 + 5*y**3/2 - 45*y**2/2 - 2424*y. What is j(7)?
11
Let t(f) = f**2 - 3. Let i(j) = j**3 - j + 1. Let h(o) = i(o) + t(o). Let q = 1047 - 1042. Suppose 20 = q*u, 1 = 4*y - 2*u + 17. Calculate h(y).
-4
Let v(o) be the first derivative of o**2/2 - 35*o - 2756. What is v(-8)?
-43
Let d be 30/(-1)*4/(-10). Suppose 6*f + 0*f = -d. Let p(j) = -9*j - 11. Let k be p(f). Let n(w) = -w + 7. What is n(k)?
0
Let v(x) = -x. Let f(t) = -4*t + 4. Suppose -13 = -2*k - 3*z, -4*z + 7 = -k - 3. Let m(b) = k*v(b) - f(b). Determine m(5).
6
Let v(c) = -15*c + 35. Let s(f) = 157*f - 1881. Let p be s(12). Calculate v(p).
-10
Suppose -3*o + 1 = -2. Suppose 3 - o = m. Let c(n) = n + 8*n - 17 - 14 + 31. Calculate c(m).
18
Let l(t) = -2401*t + 12007. Let j be l(5). Let f(p) be the first derivative of 3*p**j - 1/4*p**4 + 0*p - 4/3*p**3 + 22. What is f(-5)?
-5
Let t = -237 - -229. Let m(n) = 5*n**2 - 4 - 10*n + 11 - 16*n**2. Let j(f) = 7*f**2 + 7*f - 5. Let s(l) = t*j(l) - 5*m(l). What is s(-6)?
5
Let j(n) = n**2 - 9*n - 25. Let c(w) = 3*w**3 - 29*w**2 + 61*w + 43. Let r be c(6). What is j(r)?
27
Let r(a) = 2*a**3 + 2*a**2 - 26*a - 46. Suppose -121*d + 39*d - 270 = 53*d. Calculate r(d).
-2
Let t(n) = n**2 + 2. Let b be ((-23)/(-46))/(-1*1/(-8)). Suppose 4 = b*l - 4*f - 0, -5*l - 5*f = 25. Give t(l).
6
Let n(s) = -s**2 + 19*s - 19. Suppose -18*w = -10*w - 24*w + 288. What is n(w)?
-1
Let j(b) = -2*b**2 - 10*b + 65. Let w be 24/(-15) + 407/(-55). Calculate j(w).
-7
Suppose -21*z = 56 + 7. Let w(h) = h**2 + 2*h + 1. Let t(g) = g. Let o(p) = -3*t(p) + w(p). Give o(z).
13
Let d(s) = -31*s**3 - 2*s**2 + 2*s - 4. Let f be d(-2). Suppose -234*y + 12 = -f*y. Let l(u) = -u**3 + 6*u**2 - 2*u - 3. Determine l(y).
-15
Let l(i) = 2*i + i + 5 + i - 3*i. Let w be l(0). Let d(o) = -w*o**2 - 2*o**3 - 492 + 494 + 3*o**3. What is d(2)?
-10
Let r(f) = -1 + 8 + 105*f - 194*f + 3 + 91*f. Suppose -4*o - 6 = -7*o. Let v be 0 + -3*3 + o. Determine r(v).
-4
Let j(r) = -6*r - 17*r - 3*r + 4*r - 14. Let b(k) = -23*k - 11. Let w(s) = -5*b(s) + 4*j(s). Calculate w(-1).
-28
Let s be (-14 - 325/(-13)) + -18. Let b(i) = -2*i - 13. Determine b(s).
1
Let n(q) = 10*q**2 - 430*q**3 - 14 + 2 + 429*q**3 + 27 + 9*q. Suppose 7 + 15 = 2*v. What is n(v)?
-7
Let x(f) = f**2 - 12*f - 2. Let j(k) = 4*k**2 - 60*k - 3. Let y(w) = -j(w) + 5*x(w). What is y(4)?
9
Let c(n) = -n**3 + 5*n**2 - 4*n - 2. Let t = -670 + 683. Suppose -t*a - 7 = -46. Give c(a).
4
Let w(u) = -u**3 + 12*u**2 + 15*u - 34. Let r(p) = 18*p + 67. Let h be r(-3). Give w(h).
-8
Let x(l) = -35*l + 354. Let k(n) = -72*n + 697. Let j(f) = -6*k(f) + 11*x(f). Determine j(6).
-6
Let u(c) = -3*c - 3. Suppose -2*i = 6 - 4. Let y(r) = 6*r**2 - 1. Let s be y(i). Let h be (-27)/s + 3 + (-6)/10. Give u(h).
6
Let c(a) be the second derivative of -1/12*a**4 + 0 + 5/6*a**3 - 17*a - 3/2*a**2. Suppose 0 = -6*m + 8*m - 10. Give c(m).
-3
Let y(u) = -u**2 + 2*u + 1. Suppose r - 2*w + 7 = -14, -r = 5*w + 56. Let q = r + 35. Suppose -q = 2*m + 2*m. Determine y(m).
-2
Suppose -49*a + 1164 = -437*a. Let w(b) = 3*b**2 + 6*b - 16. Give w(a).
-7
Let v(b) = -42*b + 1. Suppose 0 = 2*i - 133 + 135. Calculate v(i).
43
Let c(r) = r**3 + r**2 - 9*r - 5. Let o be c(-3). Let v be (7 - -4) + o*1. Suppose -2*q = -5*q - v. Let i(a) = -2*a - 3. Determine i(q).
7
Let v = -582 - -330. Let l = v - -255. Let y(s) be the third derivative of -s**4/6 - s**3/6 - s**2. What is y(l)?
-13
Let n = -84 - -88. Suppose n*m + 6*h - h = -13, -3*m = -2*h + 4. Let s be ((-32)/48)/(m/(-18)). Let z(c) = c**2 + 5*c - 5. Calculate z(s).
1
Let x(c) be the third derivative of 0*c + 0 + 17/6*c**3 + 131*c**2 - 1/6*c**4. Give x(4).
1
Let v(g) = -g**2 + g + 32. Suppose 16*i - 175 + 255 = 0. Calculate v(i).
2
Let k(r) = r**3 + r**2 - 3*r - 2. Let v be k(-2). Suppose -4*n - n - 15 = v. Let t(x) be the first derivative of -x**3/3 - 4*x - 16667. Determine t(n).
-13
Let p(u) = 32*u + 1. Let g(a) = 87*a + 1. Let i(h) = -2*g(h) + 5*p(h). Calculate i(4).
-53
Let x be ((-93)/6 - 1)*(-6)/9. Suppose -x = 12*n - 35. Let p(g) = -6 + 6*g**n + g**2 - 10*g**2 + 2*g**2 - 7*g. Give p(-4).
6
Let z(a) = a**3 + 9*a**2 + a + 2. Suppose u - 246 = y, 2*u + 557 = -4*y - 409. Let p = 234 + y. Calculate z(p).
-7
Let p be 4 - 3 - (-12 + 11). Let o(q) = 8*q + 4*q - 7*q - 11*q + 10*q**p - 5 - 2*q - q**3. Determine o(9).
4
Let b(n) = -6*n - 46. Let m be b(-10). Let l(s) = -m*s**3 + 17*s**3 - 5*s**3. Calculate l(-2).
16
Let p(h) be the second derivative of 5*h**3/6 + 89*h**2/2 + 8473*h. Determine p(-6).
59
Let v(b) = -b**3 - 6*b**2 - 8*b - 3. Suppose -538 = 128*k - 365 + 723. Give v(k).
102
Let s be (1/(-2))/((-5)/60). Let t be (-75)/18 - s/(-36) - -7. Suppose -d + 12 = -t*d. Let y(b) = -b**2 - 6*b + 8. Calculate y(d).
8
Suppose 0 = -5*w + 4*t - 5*t, -t = 5. Let c(p) = -4*p + w + 3*p + 4. Give c(5).
0
Let s(o) = o**3 + 10*o**2 + 7*o + 1. Let y be (18/4 + 0)/((-8)/16). Calculate s(y).
19
Let l(s) be the first derivative of -s**4/2 - 5*s**3/3 + 79*s**2/2 - 6*s - 1583. Give l(5).
14
Suppose -3*a + 1 = -2*a, -2*l - 3*a = -19. Suppose -15 = 3*z - l*z. Suppose 4*v + 6 = -4*j + 2*v, -5*v = -z*j + 15. Let s(y) = -y**2 - 9. Calculate s(j).
-9
Let s(o) = -o + 1. Let f be (-15)/6*2*-1. Suppose -9 - 519 = -88*j. Suppose f*v + 41 = j. Give s(v).
8
Let u(d) = -169*d + 27. Let g(b) = -121*b + 18. Let s(o) = 7*g(o) - 5*u(o). Give s(-5).
1
Let c(t) = -7*t**3 - 2*t**2 + 1. Suppose 4*v + 3*j = 45, j = 1 + 2. Let f be ((-3)/v)/(1/(-9)) + -2. Calculate c(f).
-8
Let v(f) = 17*f - 331 + 97 + 322. What is v(-5)?
3
Let o(d) = d + 13. Let q(y) = y + 13. Let l(i) = -4*o(i) + 5*q(i). Suppose 2*s = -4*k - 14, 0 = 2*k + 4*s - 5 + 21. Let c be k + (-2 - -3)*-5. What is l(c)?
6
Let q(y) = 2*y**3 - 40*y**2 - 37*y + 36. Let g be q(20). Let v = -715 - g. Let t(m) = m**3 + 10*m**2 - 11*m + 3. Determine t(v).
3
Suppose -2*x - 4*y + 150 = 0, -4*y = -x + 2*x - 71. Let q = 81 - x. Suppose q*u = -u - 6. Let o(h) = h**3 - h**2 - 3*h - 1. Determine o(u).
-7
Let m(r) = r**3 - 147*r**2 + 289*r + 145. Let h be m(145). Let q(i) = i**2 + 3*i + 12. Let c(x) = 2*x**2 + 4*x + 11. Let u(p) = -2*c(p) + 3*q(p). Give u(h).
14
Let j(w) = w**2 + w - 9. Suppose 16*u = 12*u + 56. Let a be (u/(-7))/(((-28)/(-8))/7). Calculate j(a).
3
Let k(i) = i**3 - 24*i**2 + 43*i + 17. Suppose -h = -y + 23, 165 = 4*y + 5*h + 82. What is k(y)?
-5
Suppose -3*q = -63 + 168. Let c = q + 38. Suppose -3*a = 7 - 1, -2*x + 6 = -c*a. Let l(j) = j**2 - 2. Determine l(x).
-2
Let r(s) = s**2 - 3*s + 5. Suppose -3*x + 11 + 16 = 3*z, 5*z + 4*x - 41 = 0. Suppose j - 1 = -3*w + z, 0 = j + 3. Give r(w).
5
Let b(q) = q**3 + 5*q**2 - 9*q - 7. Let t be (3/9)/((-1)/309). Let l = -51 + t. Let x be (1 - 0) + l/22. Determine b(x).
11
Let x(y) = -y**2 + 5*y - 18. Let c(z) = 11*z**2 - 49*z + 174. Let j(d) = 2*c(d) + 21*x(d). Determine j(5).
30
Let m(o) = -3*o - 17. Let l = 261 + -242. Suppose z + 4 = p, l = -z - 7*p + 3*p. What is m(z)?
4
Suppose -759 = -67*a - 593 - 367. Let t(u) = -14*u - 32. Calculate t(a).
10
Suppose 5*x - 4 = -4*t + 8, -t - 2*x = -3. Let v(c) = c - 3 - t*c + 3*c + c + 3*c. Give v(6).
27
Let r be (-68)/(-442) - 72/(-39). Suppose 0*z = 2*z - 34. Let f(d) = 4*d**2 + z*d**3 - 2*d**2 - d - 18*d**3. What is f(r)?
-2
Let w(k) = 11*k - 23 - 6*k + 6 + k